- -183. Suppose 0 = 5*m - n - 122 - j, n + 40 = m. What is the greatest common factor of m and 18?
9
Suppose 0 = 2*g - 2, -7*b - 2*g + 10 = -3*b. Let r be b/6 + 70/6. Let v(z) = 97*z - 1. Let h be v(1). What is the highest common factor of h and r?
12
Let k = 7 - -26. Let p = -8 - -6. Let r be ((-3)/6)/(p/44). What is the highest common factor of r and k?
11
Let w(q) = q**3 + 2*q**2 - q - 2. Let p(s) = -s - 4. Let h be p(-6). Let o be w(h). Calculate the highest common divisor of o and 60.
12
Let f(r) = 3*r**2 - 5*r + 2. Let i(b) = 7*b**2 - 9*b + 3. Let t(n) = -5*f(n) + 3*i(n). Let u be t(-1). Calculate the highest common divisor of 7 and u.
7
Suppose 3 - 30 = -3*h. Suppose 4*z = 4, 7*w - 4*z + h = 2*w. Let g = w + 10. What is the greatest common divisor of 18 and g?
9
Let c(a) = a**2 - 4*a - 1. Let f be c(3). Let i = -1 - f. Let j be 238*(-1)/(-6)*i. Calculate the highest common factor of j and 17.
17
Let w be (45/27)/(2/12). What is the highest common factor of w and 20?
10
Suppose -20 = 4*d - 0*d. Let k(x) = -x**3 - 5*x**2 - 4*x - 7. Let c be k(d). What is the greatest common factor of 104 and c?
13
Suppose -s - 4*s - 3*f + 318 = 0, -s = 5*f - 68. Calculate the greatest common divisor of s and 315.
63
Let c = -37 - 0. Let l = 61 + c. What is the greatest common divisor of l and 72?
24
Let b be 15/(-1*4/(-12)). Calculate the greatest common divisor of 15 and b.
15
Suppose -15 = -5*r + 2*j, -2*r + 4*j - j = 5. Calculate the highest common divisor of 25 and r.
5
Let n = 26 + -14. What is the greatest common divisor of n and 8?
4
Let z = -5 + 9. Suppose -4*u + z*y = -116, -2*u + 5*u - 4*y - 90 = 0. Calculate the highest common factor of 65 and u.
13
Suppose -2*k + 8 = -0, -5*i - 3*k = -27. Let x(s) = s**3 + 4*s**2 - 2. Let f be x(-4). Let v = 1 - f. Calculate the highest common factor of v and i.
3
Suppose -2*b + 5 = -7. Suppose x = -4*d + 16, -3*x - 4 = -d - x. Suppose 5*q + 102 - 255 = -l, -q + 18 = -d*l. Calculate the greatest common divisor of q and b.
6
Suppose 4*i + 2*f = 60, -2*f = -f + 4. What is the greatest common divisor of i and 34?
17
Let w(n) = n**2 - 2*n - 3. Let y = 20 - 22. Let i be w(y). Calculate the highest common divisor of i and 15.
5
Let o(a) = -35*a - 7. Let r be o(-5). What is the highest common divisor of r and 24?
24
Let z be 10/14 + 4/14. Let c = 9 + z. What is the greatest common divisor of 70 and c?
10
Let t(x) be the third derivative of 4/3*x**3 + 0*x + 0 + 3*x**2 + 17/24*x**4. Let y be t(6). What is the greatest common factor of y and 10?
10
Suppose 4*f - 5 = 3*f. Suppose 0*b - 30 = -b - 5*u, -5*b = -5*u. Calculate the highest common factor of b and f.
5
Let u(c) = c**3 + 16*c**2 - 13*c - 35. Let w be u(-15). What is the highest common factor of w and 35?
35
Let m be (-322)/(-4) + 1/(-2). What is the greatest common factor of m and 32?
16
Suppose 4*s - j - 58 = 71, 0 = s - 4*j - 36. What is the greatest common factor of 8 and s?
8
Let t be (-1*59)/(-1) - -1. Let o(j) = -j**3 + j - 4. Let g be o(-3). Let v = g + 4. What is the highest common factor of v and t?
12
Let j be (-10)/2*(1 + -2). Suppose 3*u = -j*s, -5*u + 0*s + 10 = 5*s. Suppose w = u*w - 468. Calculate the highest common factor of w and 13.
13
Let s(b) = 5*b**2 + 3*b - 4. Let k be s(3). Suppose 1 = -2*q + 41. What is the highest common divisor of q and k?
10
Suppose r - 472 = -3*r + 3*w, 3*w = -3*r + 375. Suppose 11 = -0*y + y. What is the highest common factor of y and r?
11
Let q = 11 - 13. Let o be q/(-6) + 2290/15. Let d be 2*((-34)/(-4) - 0). Calculate the highest common divisor of o and d.
17
Let u(r) = -9*r + 38. Let m be u(-13). Calculate the highest common factor of 62 and m.
31
Let h be (-25)/(-4) + (-1)/4. What is the greatest common factor of 18 and h?
6
Let w(z) = -z**2 - 6*z + 5. Let g be w(-7). Let d = g + 5. Suppose -5*b = 5*h - 70, -d*b - 3 = 2*h - 35. Calculate the greatest common factor of 10 and h.
10
Let l be (-2)/(-2*1) - -45. Suppose l + 94 = m. Suppose 0 = 3*s - 0*s + 5*c - m, 5*c = -s + 30. What is the highest common divisor of s and 22?
11
Let t(s) = 73*s**2 - s. Let m be t(-1). Let p be m - (-9 - -1)/4. What is the greatest common factor of 19 and p?
19
Suppose 4 - 5 = -3*b + 5*d, 6 = 4*b - 2*d. Suppose -5*h + 3*v - 7 = -4*h, -4*v + 18 = 3*h. Calculate the highest common factor of h and b.
2
Let b(d) = 8*d**3 + 2*d - 1. Let y be b(1). Calculate the highest common divisor of 99 and y.
9
Let f = 2 + 2. Suppose 0 = -2*d + f*w + 338, 3*d - 512 = 7*w - 6*w. Let n = -27 + 46. What is the greatest common divisor of d and n?
19
Let i = 93 - 77. What is the highest common divisor of 144 and i?
16
Let m(t) = -7*t - 15. Let o be m(-7). What is the highest common factor of 119 and o?
17
Let h be 3/2 - 1293/(-6). Calculate the highest common factor of h and 31.
31
Let d(s) = 20*s + 10*s**2 - 8*s - 5 + s**3 - 2*s**3. Let h be d(11). What is the greatest common divisor of h and 9?
3
Let a(h) = -h**2 - 7*h + 1. Let g be a(-6). What is the highest common divisor of 7 and g?
7
Let i be (-1)/(1 - 16/12). Let t = i + 2. Calculate the highest common divisor of 1 and t.
1
Let h = -135 - -225. What is the greatest common factor of h and 18?
18
Let g(u) be the third derivative of -u**6/120 - 2*u**5/15 + u**4/3 + 5*u**3/6 + 5*u**2. Let l be g(-9). What is the greatest common divisor of l and 7?
7
Let x(w) = w - 10. Let a be x(5). Let b be (-6)/4*(a - -3). What is the greatest common divisor of 12 and b?
3
Let t be -15*(-1)/(-2)*-2. Let q(r) = -r**2 - 6*r - 2. Let u be q(-5). What is the highest common factor of u and t?
3
Let d(l) = 5*l - 12. Let k be d(7). Calculate the greatest common factor of k and 69.
23
Let m = 254 + -140. Let i = 202 - m. Calculate the greatest common divisor of i and 8.
8
Let o(t) = -t + 4. Let i be o(-2). Calculate the greatest common divisor of 6 and i.
6
Let v be ((-12)/10)/((-6)/20). Let m(n) = n**2 + 2*n - 6. Let d be m(v). Suppose -4*g + 6 = -g. What is the highest common divisor of g and d?
2
Let w be (-3)/6*(-1 + -63). Suppose -3*g + w = g. What is the highest common divisor of 8 and g?
8
Let r be 2/(-2) - -1*12. Suppose 0*g - 5*g + 216 = 3*h, 222 = 3*h + 3*g. What is the highest common divisor of h and r?
11
Let h = -4 + 15. Let z(k) = -k + 13. Let p be z(h). Calculate the highest common factor of 2 and p.
2
Suppose 3 = -g, 0 = 2*v + 2*g + 2 - 16. What is the highest common factor of 90 and v?
10
Let n(v) = -3*v - 13. Let u be n(-8). Suppose -u = -o + 19. What is the highest common factor of o and 6?
6
Suppose 0 = u - 110 + 40. Let m = 7 + u. Calculate the greatest common factor of 7 and m.
7
Suppose 2*s - 16 = w + 31, 2*s + 5*w - 17 = 0. Suppose 0 = -5*c - 0*c + 15. What is the highest common divisor of c and s?
3
Let a = -24 - -104. Calculate the highest common divisor of a and 10.
10
Let x(t) = -t**3 + 4*t**2 - 2*t + 1. Let d be x(3). Let j be (22/d)/(6/24). Calculate the greatest common factor of 2 and j.
2
Suppose 2*h = 2 - 0. Suppose i - 10 = -i. Let g be (-4)/10 - (-22)/i. Calculate the greatest common factor of h and g.
1
Let k = -53 + 104. Let y = 69 - 48. Let q = 38 - y. Calculate the greatest common factor of k and q.
17
Suppose -19 = -3*r - 1. Suppose -m + 4*m - s - 73 = 0, 5*m - 4*s - 131 = 0. Suppose m = 2*f - 7. Calculate the greatest common factor of r and f.
3
Let j(g) = 19*g**2 - 1. Let v be j(1). What is the greatest common divisor of 90 and v?
18
Suppose t + 5 = -3*t + 3*u, 4*t = 5*u - 11. Suppose 2*b = -0*b - 6. Let d be (-26*t)/(b - -1). What is the greatest common divisor of 104 and d?
13
Let x(k) = -k**3 - 6*k**2 - 3*k - 2. Let t be x(-5). Let i = -7 - t. Suppose -i = -v - 0*v. Calculate the greatest common factor of v and 40.
5
Suppose 68 = r + 5*f, -r - 2*f - 2*f + 70 = 0. Suppose -m + r = 5*o - 7, 0 = 5*o + 5. Let w = 111 + -75. Calculate the highest common divisor of m and w.
18
Suppose 0 = 2*d - 134 + 54. Suppose -7*y - 80 = -12*y. Calculate the greatest common divisor of y and d.
8
Let m(s) = -2*s**3 + 2*s**2 + 3*s. Let v be m(3). Let t = -20 - v. Calculate the highest common factor of t and 7.
7
Let c(f) = -8*f - 6. Let p be c(-4). What is the highest common factor of p and 39?
13
Let f = -3 + 38. Let h(k) = -k**2 + 10*k - 7. Let x be h(9). Suppose j - x = 5. What is the greatest c